
0
Let f(x) = -x**3 - 3*x**2 + 5*x + 4. Let c be f(-4). Suppose c = -g + 38 - 3. What is the units digit of g?
5
Suppose 4*v - 11 = 61. Suppose -15 = -3*o + v. What is the tens digit of o?
1
Suppose 6*l - 125 = 97. What is the tens digit of l?
3
Let w(q) = 2*q**2 - 5*q + 15. What is the units digit of w(5)?
0
Let b(f) = -6*f - 3. Let w be b(3). Suppose 5*q - 38 = 137. Let c = q + w. What is the tens digit of c?
1
Let h = -66 + 167. What is the tens digit of h?
0
Let q = 0 - 1. Let k be (-5)/(1*1/q). Suppose 32 + 3 = k*u. What is the units digit of u?
7
Let r = 11 - 7. What is the tens digit of (-4)/(-6)*102/r?
1
Suppose 2*r - 3*s = -s + 12, -4*r + s = -18. Suppose -17 = 3*b - f - f, r*b = f - 16. Let c = b + 5. What is the units digit of c?
2
Let o be ((-59)/(-4))/(-1)*4. Let d = o + 84. What is the tens digit of d?
2
Let u be 80/35 + (-4)/14. Suppose -v + 0 + u = 0. Suppose -v*l + 4 = -l. What is the units digit of l?
4
Let i(q) = -8*q. Let s(k) = 9*k - 1. Let p(d) = 7*i(d) + 6*s(d). Let m be p(-4). Let w = m - -1. What is the units digit of w?
3
Suppose -2 - 23 = -z. Suppose 6*y = y + z. What is the units digit of y?
5
Suppose 3*z - 68 = 5*r, 52 = 3*z - z - 5*r. Suppose -i + z = -3*x, 3*x - 4*x - 75 = -4*i. What is the units digit of i?
9
Let o = 4 - 4. Suppose 9*z - 5*z - 40 = o. What is the tens digit of z?
1
Suppose -4*w + 16 = -0*w. Suppose 0 = 4*i - 4*c, -5*i = -w*i + 2*c - 15. What is the units digit of i?
5
Let s(g) = -g + 5. Suppose 4*x - 18 = w, -2*x + 7*x + 3*w - 14 = 0. What is the units digit of s(x)?
1
Let b(q) = -q**2 - 7*q - 3. Let l = -13 + 6. Let a be b(l). What is the tens digit of (11 - -2) + (-2 - a)?
1
Let h = -1 - 4. Let o = h + 6. What is the units digit of o?
1
Let u = -80 - -138. Suppose 5 = 3*j - u. What is the units digit of j?
1
What is the tens digit of (-122)/(-8) - (-6)/(-120)*5?
1
Let q = 210 - 149. What is the tens digit of q?
6
What is the tens digit of (-28035)/(-189) - (-1)/((-6)/(-4))?
4
What is the units digit of 2*(-1 + 2) - (-57 - -10)?
9
Suppose -g - 5 = -35. Suppose 64 = g*t - 26*t. What is the tens digit of t?
1
Let h be ((-8)/(-32))/(1/(-4)). Let o = h + 22. What is the units digit of o?
1
Let t(r) = -65*r**2 + 0*r + r**3 - 2*r + 71*r**2 + 4. What is the tens digit of t(-6)?
1
Let f(g) = -g**3 - 7*g**2 - 3*g - 9. Let j be (-1)/(-1 + (-24)/(-21)). What is the units digit of f(j)?
2
Let c be 3/3*1*10. Suppose c + 0 = 2*h, 3*y = -h + 104. What is the tens digit of y?
3
Let y = 69 + -45. Let f = y - 23. What is the units digit of f?
1
Let l be (-1)/(-2)*(-3 - -7). What is the tens digit of (1/l)/((-4)/(-112))?
1
What is the tens digit of 1 - (-20 - (-3 - 0))?
1
Let u(s) = s**3 - 9*s**2 - 9*s + 6. Let f = 9 + 1. What is the tens digit of u(f)?
1
Suppose -4*u = -3*q + 22, -5*u - 24 = 2*q - 4*q. Suppose 11 = 3*f - q*f. What is the units digit of f?
1
Suppose -n + 0*n = -55. What is the units digit of n?
5
Let k(s) = -s**3 + 9*s**2 - 3*s - 7. What is the tens digit of k(8)?
3
Let j(l) be the third derivative of -29*l**6/120 - 4*l**2. What is the units digit of j(-1)?
9
Suppose 4*r - q + 8 = 0, 11 + 5 = -4*q. What is the tens digit of 6 + r + 0 + 11?
1
Let j = 48 + -29. Suppose -4*n = 2*u - 40, 0 = -u - 3*u - 3*n + 60. Let v = j - u. What is the units digit of v?
7
Let t(s) = -12 - 3*s + 14 + 2*s**2 - 5. What is the units digit of t(-4)?
1
Let p(n) = -6 + 1 - 2 + 2*n. Let x be p(5). Let d = -1 + x. What is the units digit of d?
2
Let i(k) = 2*k. Let j be i(-1). Let t be 12/j*(-1 - 0). Suppose -l - 5 = -b, -9 = -b - l + t*l. What is the units digit of b?
4
Let h = 7 + -3. Suppose -k = h*k - 85. What is the units digit of k?
7
Let r(o) = -o. Let m be r(-11). Suppose 2 = -4*n - 10. Let z = n + m. What is the units digit of z?
8
Let l = -45 - -126. Let o = l + -57. What is the tens digit of o?
2
Suppose w - 348 = -3*w. Let z = w - 58. What is the tens digit of z?
2
Suppose -d + 214 = 3*z, 8*z - 370 = 3*z + 5*d. What is the units digit of z?
2
Let a = 39 - -61. What is the tens digit of a?
0
Suppose 4*o - 57 = 2*o - 3*g, 2*g = 4*o - 106. Suppose -r - o = -m, -3*r + 4*r = -3*m + 61. What is the units digit of m?
2
Let p(r) = 10*r + 1. Let q be p(2). Let h = -96 + 68. What is the units digit of ((-54)/q)/(6/h)?
2
What is the units digit of (-3)/(-2)*516/9?
6
Let i be (-10)/(-15) + 2/(-3). Let j = i + 2. What is the units digit of j?
2
Let s be ((-408)/(-16))/((-2)/(-12)). Suppose -3*q - 4*l = l - 240, l = -2*q + s. What is the units digit of (8/(-6))/((-10)/q)?
0
Suppose 247 = 3*q + 43. Suppose b - 3 = 4*h, -4*b - 5*h + 17 - q = 0. What is the units digit of (-15)/b - 2/3?
1
What is the tens digit of (3/(-9))/((-1)/387)?
2
Let j(n) = 4 - n + 5*n**2 - 4*n**2 + 3*n. Let h be ((-8)/24)/(2/18). What is the units digit of j(h)?
7
Let h(q) = q - 7. What is the units digit of h(8)?
1
Let z be 6/3 + (-180)/3. Let a = z - -85. What is the units digit of a?
7
Suppose -3 = 3*q - 9. What is the units digit of (9 - -1)/(q + 0)?
5
Let z = 5 - 0. Suppose t - z = 9. What is the tens digit of t?
1
Let a = -20 - -26. Suppose 0 = -2*o + 8 + a. What is the units digit of o?
7
Suppose 4*n - 672 = 3*r, -5*n + 805 = 5*r - 0*r. What is the hundreds digit of n?
1
Suppose 3*x = 4*x - 5. Let v(n) = 4*n - 2. Let h be v(5). Suppose 2*p + 5*i = p - h, 12 = -4*p - x*i. What is the units digit of p?
2
Let t(x) = 7*x - 2. Suppose 4*f = -2*r, f + 16 = -f - 5*r. What is the tens digit of t(f)?
1
Suppose 84 = 5*o - 46. Suppose -18 = -4*k + o. What is the tens digit of k?
1
Suppose 0*r - r = -5. Let k be (2/r)/(2/30). Suppose -l + 2*m = -12, 18 = l - k*m + m. What is the units digit of l?
8
Suppose 8*s + 35 = 3*s. Let u(y) = y**3 + 8*y**2 + 5*y + 1. Let q be u(s). What is the tens digit of (-6)/q - 67/(-5)?
1
Suppose 3*i = -3*y - 0*y + 9, 9 = 3*y. Let k be i - (0 + 2 - 1). What is the units digit of 16/(k/(-1)) + -3?
3
Let b(x) = 11*x**3 + 7*x + 9 + 8*x - 4*x + 9*x**2 - 10*x**3. What is the units digit of b(-7)?
0
Let v(m) = m**3 + m**2 + m + 22. Let h be v(0). Let a be (10/8 - 2)*20. Let w = h + a. What is the units digit of w?
7
Let u be (6/(-4))/(1/(-2)). Suppose 3*t = 2*s + 4, -4*t - u = -4*s - 7. What is the units digit of (0 - t)*(-2)/4?
1
Suppose 164 = 5*t - t. Let l = t - 28. What is the tens digit of l?
1
Suppose -5 = -b - 0*b. Suppose -5*s + b*w = w - 26, s + 4*w - 10 = 0. Let k = s - 4. What is the units digit of k?
2
Suppose 4*u - u = 6. Suppose p + u*w - 20 = 0, -p + w = 2*w - 25. What is the tens digit of p?
3
Let g be -11 - -12 - (-2 + 1). Suppose 1 + 3 = 4*z. What is the units digit of -3 + 8 + z - g?
4
What is the tens digit of 158*(-1)/14*-7?
7
Suppose 0 = 74*l - 73*l - 4. What is the units digit of l?
4
Let y(s) = 3*s**2 + 2*s. Let h be y(2). Let n = 10 + -20. Let a = n + h. What is the units digit of a?
6
Suppose -3*r = -2*y + 95, 3*r - 62 - 3 = -2*y. What is the tens digit of y?
4
Let o(q) = 64*q. What is the tens digit of o(1)?
6
Let s(j) = 2*j**2 - 4*j + 3. Let g be s(2). Suppose g*i = 3*q - 15, 5*q + 6*i - 3*i - 57 = 0. What is the units digit of q?
9
Let x(t) be the third derivative of 0*t + 1/60*t**5 + 7/24*t**4 + 0 + 2*t**2 - 1/3*t**3. What is the units digit of x(-8)?
6
Suppose -5*k = -m - 3, -5*k - 1 = m + 2. Suppose -4*t + k*t + 48 = 0. What is the units digit of t?
2
What is the hundreds digit of 107 + 9/3 + -5?
1
Suppose 2*t - 11 = 35. Suppose 4*x - 17 = t. Suppose -4*f = k - x, k + 2*f - 16 = -6. What is the units digit of k?
0
Let x(k) = 21*k - 7. What is the tens digit of x(6)?
1
What is the units digit of ((-8)/16)/(2/(-60))?
5
Let w be -3*3/(3/(-3)). Let p = -2 + w. What is the units digit of p?
7
Let s = 6 + -4. Suppose s*m - m = -2*x + 18, -3*m = x - 9. What is the units digit of x?
9
Let n be (1 - 2 - -4) + -3. Suppose n = -2*h - 1 + 53. What is the tens digit of h?
2
Let x(p) = -p**2 - 11*p + 5. Let b be x(-11). Suppose b*u - 21 = -6. What is the units digit of u?
3
Let h(t) = -t**3 + t + 2. Let l be h(2). What is the units digit of l/((3/(-7))/3)?
8
Let m(c) = 11*c**2 - 2*c + 1. Let f be m(1). What is the units digit of ((-12)/(-15))/(4/f)?
2
Suppose -5*w = -4 - 31. Suppose 3*f + 4 = w*f. What is the units digit of f?
1
Let x(r) = -r**2 + 7*r + 5. Let u = 0 + 8. Let n be x(u). Let v = 5 + n. What is the 